12)/(8/h). Give v(n).
-11
Let n(f) = -f**2 - 5*f - 1. Let m(z) = z + 4. Let o be m(-3). Let l be ((-3 - -4)*-11)/o. Let b = l + 7. Calculate n(b).
3
Let i(v) = 419*v**3 + 3 - 418*v**3 - v**2 - v - 2*v**2. Give i(3).
0
Let n(t) = 8*t + 5. Let r(x) = -x**2 - x - 1. Let p(m) = n(m) + 5*r(m). What is p(2)?
-14
Let w = -8 - 13. Let u = -20 - w. Let p(v) = -8*v**2 + 2*v - 1. Determine p(u).
-7
Let f(q) = 15*q**3 - q**2. Let c(a) = 3*a - 2 - 6*a**2 + 20*a**2 + 19*a**2. Let n be c(1). Let j be 30/n - (-20)/170. Give f(j).
14
Let k = -2 - -1. Let g(u) = -1 - 72*u**3 - 7*u + 5*u + 74*u**3 - 2*u**2. Calculate g(k).
-3
Suppose -2*z = 2*b + 6, 4*z = -3*b + 4 - 11. Suppose -8 = -3*o + 2*d + 7, z*o = -5*d + 29. Let i(t) = t**3 - 6*t**2 - 7*t - 10. Calculate i(o).
-10
Let j = 3 + 0. Suppose 5*n - 13 = d, -5*d = -d - n - 5. Let r(q) = -14*q**3 + 3*q**3 - 2*q**d + 5*q**3 - 2*q + 7*q**3. What is r(j)?
3
Let d be -2*(-3)/(3/8). Let q = -11 + d. Let b(v) = v**2 - 6*v + 6. Give b(q).
1
Let o be 10/(3 - -2) - (-12)/2. Let s(a) = a**3 - 9*a**2 + 7*a + 12. Calculate s(o).
4
Let x(u) = -105 + 48 + 3*u + 67 - 2*u. Let o be (-2)/((-1)/((-26)/4)). Let n = o - -8. Determine x(n).
5
Let u(m) = 29*m + 3. Let g(w) = -5*w + 1. Let z(a) = -6*g(a) - u(a). Determine z(13).
4
Let l be (2 - 1 - 3) + 12. Suppose -l = 5*n - 100. Let c be n/(-4) + 5/(-10). Let q(h) = h**3 + 5*h**2 - h - 4. What is q(c)?
1
Let f be (-7 - 120/(-16))/(2/(-24)). Suppose 0*p - 5*d = -p + 23, -10 = -2*p + d. Let z(k) = -3*k**2 - 6 + 3*k - k**p - 2*k**2 + 0*k**3. What is z(f)?
12
Let g(d) = 62*d - 5 + 1 + 67*d - 128*d. Suppose 3*r - 6 = 3*v, -3*v + 0*v + 4 = -r. Calculate g(r).
1
Let s(p) = 7*p + 5. Let q(h) = -16*h - 12. Let f(j) = -4*j - 3. Let k(n) = -22*f(n) + 6*q(n). Let b(u) = -3*k(u) - 4*s(u). What is b(2)?
-10
Let m(r) be the first derivative of r**2 + 2*r - 59. Determine m(-6).
-10
Suppose 4*a = 2*q - 0*a - 12, -5*a = 5*q - 45. Let s(h) = 1 + 1 + 2*h - q. Suppose -i + 7 - 1 = 0. Determine s(i).
6
Let c(r) be the third derivative of -r**6/120 + 11*r**5/60 + 7*r**4/12 - 11*r**3/3 + 821*r**2 + r. Calculate c(12).
2
Suppose 17 - 2 = 5*p. Let w(a) = -a - 5*a - p*a + 3 + 7*a. What is w(3)?
-3
Let d(w) = -w**2 + 4*w - 4. Let q(k) = k**2 - 3*k + 3. Suppose 12*p = 6*p + 30. Let b(x) = p*q(x) + 4*d(x). Calculate b(1).
1
Let g(c) = 1 - c**2 + 3 - 158523*c + 3*c**2 + 158519*c. Determine g(4).
20
Let z(l) = l**2 - l + 10. Let b = 29 - 13. Suppose 13*a = b*a. What is z(a)?
10
Let q(c) = 7*c**2 - 2*c - 34. Let d(l) = 15*l**2 - 5*l - 69. Let o(a) = -6*d(a) + 13*q(a). Let k be o(-8). Let i(j) = j**3 - 2*j**2 - 5*j - 1. Determine i(k).
11
Let z(v) = -8*v + 15. Let h = -341 - -343. Calculate z(h).
-1
Let x(j) = -5 - j**3 + 7*j + 2*j**3 + 7 - 8*j**2. Let p(n) = 5*n**3 + 14*n**2 - 10*n - 2. Let a be p(1). Calculate x(a).
2
Let p(b) = -20*b**2 + b. Let s = -114 + 113. Calculate p(s).
-21
Suppose -2*n + 2 = 3*m, 140 = m + 5*n + 135. Let a(d) = 5*d - 11. Give a(m).
-11
Let t = 15 - 9. Let n be ((-50)/(-15))/((-2)/t). Let i = n + 5. Let m(y) = y**3 + 5*y**2 - 2*y - 2. Calculate m(i).
8
Suppose 15*p - 22 - 8 = 0. Let u(r) = r**2 + 3*r - 5. What is u(p)?
5
Let t(s) = 2*s - 2. Let h be 5/30*28 - 4/(-12). Suppose -5*o = -3 - 7. Suppose o + 1 = z + u, -2*z = h*u - 3. Determine t(z).
6
Let q = -3 - -7. Suppose -f + q = -1. Let h(z) = 3 - 3*z + 0*z + f*z. Determine h(3).
9
Let c(w) be the first derivative of -w**3/3 - 4*w**2 - 8*w - 1. Let y(j) = j + 1. Let m(x) = c(x) + 5*y(x). Calculate m(-3).
-3
Let l(y) = -1121 - 1114 - y**2 + 2237. Give l(-3).
-7
Let y(h) = 3*h**2 + 6*h + 2. Suppose 0 = 5*z + 2*t + 20, 33*t - 34*t = 2*z + 9. Calculate y(z).
2
Let b = -58 - -60. Let j(l) = 2 + 0 + 17*l**b - 1 - 16*l**2 + l. Calculate j(2).
7
Let i be -36 + 28 + (0 - -4). Let n(t) = t**3 + 6*t**2 + 6*t + 3. What is n(i)?
11
Let t = 1412 + -1411. Let r(u) be the first derivative of -5*u**4/2 + u**3/3 - u**2/2 - 1. Give r(t).
-10
Let z(d) = -2*d. Suppose v + 19 = 4*g, 5*g + 38 = -3*v + v. Let c = 18 + v. What is z(c)?
2
Let x(r) be the third derivative of -r**4/24 - 7*r**3/6 + 13*r**2. Let c(a) = a**2 - 20*a + 33. Let s be c(18). What is x(s)?
-4
Suppose -6 = 2*b - 2*c, -2*b + 0*c + 5*c = 21. Let p(x) = -5*x**b + 6*x**2 + x - 4 - 2*x - 4*x. Determine p(3).
-10
Let u(t) = t**3 + 15*t**2 + t + 14. Let y be 9/36 - ((-285)/(-20) - -1). Determine u(y).
-1
Let m(n) = -n**3 + 9*n**2 - 7*n - 2. Let o be m(8). Let w(s) = 2*s**2 - 8*s - 5. Calculate w(o).
19
Let y(x) = 7*x**3 + 10*x**2 + 14*x + 17. Let z(k) be the first derivative of -k**4/2 - k**2/2 - k + 46. Let b(f) = y(f) + 4*z(f). Determine b(11).
2
Suppose 5*w + 2*g + 3 = 6*w, w + 3*g + 17 = 0. Let m(f) = f**3 + 5*f**2 + f + 13. Give m(w).
8
Let i(f) = 3*f - 3. Let y = -26 - -11. Let v = y - -19. Calculate i(v).
9
Let s(y) = y**2 + 12*y. Let o(r) = -50*r + 339. Let k be o(7). Determine s(k).
-11
Let w(h) = h. Let n(f) = f**2 - 2*f + 1. Let k(r) = -n(r) - 2*w(r). Suppose -416*u = -405*u - 22. What is k(u)?
-5
Let v = 11 - 2. Let h(i) = i**3 + 12*i**2 + 7*i + 7. Let d(z) = -2*z**3 - 25*z**2 - 14*z - 14. Let t(x) = v*h(x) + 4*d(x). Determine t(-7).
7
Let l(h) = -h**2 + 8*h - 6. Let r = -767 + 772. Calculate l(r).
9
Let x(i) = 17*i + 13. Let h(g) = 3*g + 1. Let s(l) = -6*h(l) + x(l). Calculate s(8).
-1
Let f = 107 + -106. Let d(t) = -f + 7*t + 2*t - 14*t + 3*t. Let b = 1 + 4. What is d(b)?
-11
Suppose 0 = 59*f - 21*f + 456. Let v(u) = u**2 + 13*u + 18. Calculate v(f).
6
Let h be 6 + -4 - -23 - -3. Let b(q) = -29*q + h*q + 6*q**3 + 7*q**3. What is b(-1)?
-12
Let s be ((-2)/(-1))/(6/15). Suppose -7*z = 22 + 6. Let f(w) = 6*w + 5. Let b(t) = 5*t + 4. Let j(a) = s*b(a) + z*f(a). Give j(2).
2
Suppose -3*j = j + x - 24, -30 = -5*j - x. Let o(g) = g**2 - 7*g + 7. What is o(j)?
1
Let r(q) = -2*q**2 - 6*q + 7. Let i(o) = o**2 + 4*o - 1. Let s be i(-2). Calculate r(s).
-13
Let y(h) = -h**3 - 8*h**2 + h - 2. Let q be y(-8). Let n = q - -13. Suppose n*g - 24 = -6. Let a(r) = r**2 - 7*r + 5. Give a(g).
-1
Suppose 5*p = p - 88. Let n be 3*(-4)/(-24) - p/4. Let l(g) = -8*g + 2*g + 7*g**2 - g**3 + 2 - g. Determine l(n).
-4
Suppose -3 = -2*s + 5. Let t = 1 - -1. Let w(q) = -s + 0*q**3 - q**3 + 5 - q + 4*q**t - 2*q. Determine w(2).
3
Let q(d) = -15*d - 7. Let k(z) = 6*z + 17. Let n be k(-5). Let o(s) = -7*s - 3. Let c(l) = n*o(l) + 6*q(l). Give c(-3).
-6
Let g(r) = -r**3 - 9*r**2 - 13*r + 3. Let u be g(-7). Let l(z) be the second derivative of z**5/20 + z**4/3 + z**3/6 + 4*z. What is l(u)?
-4
Let d(o) = -o**3 + 5*o**2 + 6. Suppose 0 = -5*v - i + 399 - 118, 2*v - 107 = 5*i. Suppose 3*u = 7 + v. Let p = u - 16. What is d(p)?
6
Let y(c) = 16*c - 124. Let b(t) = -47*t + 331. Let x(z) = -3*b(z) - 8*y(z). Let v(d) = d + 1. Let m be v(0). Give x(m).
12
Let a(t) = 2*t**2 + 17*t + 4. Let z(d) = -8*d + 1 - 4 + 1 - d**2. Let f(r) = -3*a(r) - 7*z(r). Suppose -13*n + 2*b = -18*n - 27, -3*n + 5*b = 10. What is f(n)?
2
Let g(i) = 11*i**3 + 13*i**2 + 11*i - 19. Let c(j) = -24*j**3 - 27*j**2 - 24*j + 40. Let f(w) = -6*c(w) - 13*g(w). Give f(6).
-23
Let w(u) be the third derivative of 11*u**4/24 - 91*u**3/6 - 954*u**2. Give w(8).
-3
Suppose 5*g - 6*h - 18 = -4*h, -5*g + h = -19. Let y(q) = -4 - 4*q + 0 - 1 + g. Calculate y(-1).
3
Let s(b) be the first derivative of -b**2/2 + 5*b + 1853. Let u = -8 - -13. Determine s(u).
0
Suppose 50*b - 66 = 44*b. Let h(f) = 147*f - 71*f - 5 + b - 74*f. Give h(-6).
-6
Let p(o) be the first derivative of o**2/2 + 7*o + 3. Let k(m) = -3*m**2 + 35*m + 9. Let y be k(12). Calculate p(y).
4
Let l(k) = -7*k**2 + 26*k + 13. Let v(w) = -3*w**2 + 12*w + 6. Let o(c) = 2*l(c) - 5*v(c). What is o(9)?
5
Let b = -134 + 134. Let z(v) = -3 - 2 + 2*v**2 + b*v + v**3 - 3*v**2 - v. Calculate z(0).
-5
Let s(o) = -2*o**2 + 2*o + 4. Let t be s(2). Let m(l) = l**2 - 4*l + 6. What is m(t)?
6
Let v(f) = f**3 + 4 - 3*f**2 + f**2 - 6 + 2*f. Suppose -10 = t - 6*t. Suppose 2*j = o - 8, -3*o - t*j = -7*j - 21. Give v(o).
2
Let c(u) be the third derivative of u**6/120 + 7*u**5/60 - u**4/12 - 4*u**3/3 + 11*u**2 + 7. Determine c(-8).
-56
Let h(j) = -3*j - 12. Let y(o) = 4*o + 13. Let t = 0 + -6. Let k(r) = t*h(r) - 5*y(r). Let z be k(6). Let w(l) = l**3 + 4*l**2 - 7*l - 2. Calculate w(z).
8
Let l be 12/(-18)*12 - -12. Let m(h) = h**2 